 of l(-1).
2, 11
Suppose 8*j = 11*j - 117. What are the prime factors of j?
3, 13
Suppose 2*n + 2*g = n + 234, 4*g = 2*n - 452. What are the prime factors of n?
2, 5, 23
Let c(x) = x**2 + 13*x + 7. Let m be c(-13). Suppose -21 = -r + m. List the prime factors of r.
2, 7
Let h be ((-2)/(-6))/(1/(-183)). Let l = -26 - h. What are the prime factors of l?
5, 7
Suppose -5*l - 3*h + 2 = 1, -l + 4*h + 14 = 0. Suppose -26 = -l*z + 12. What are the prime factors of z?
19
Let h(q) = q**2 + 3*q + 6. Suppose 15 = -5*v + 5*j, -7*v + 3*v + 5*j - 11 = 0. What are the prime factors of h(v)?
2, 5
Suppose -7*c - 2*l + 804 = -2*c, -4*l + 8 = 0. List the prime factors of c.
2, 5
Suppose -4*n = -i - 444, -3*i + 2 = -n + 124. List the prime factors of n.
2, 5, 11
Suppose 0 = 2*q + s + 39, -5*q + 2*s - 84 = -0*s. Let d = q - 3. Let a = d + 30. What are the prime factors of a?
3
Suppose -g = 3*a + 2*g + 6, -5*g - 37 = -4*a. What are the prime factors of a?
3
Let b(x) = 3*x + 1. Let k be b(1). Let d be (-2)/(-6)*0 + k. Suppose -3*f - 2 = -8, -2*f = -4*w + d. What are the prime factors of w?
2
Suppose -a + 3 - 1 = 0. Let h(v) = -5 + 5 - 1 - a*v + 2. What are the prime factors of h(-3)?
7
Suppose -2*a = -8, -a - 27 - 44 = -w. Let r = w - 40. List the prime factors of r.
5, 7
Let q(j) = -6*j - 3. List the prime factors of q(-5).
3
Suppose -2*x - x - 22 = -q, 54 = 4*q + 5*x. What are the prime factors of q?
2
Let j(q) = -q**2 + q - 5. Let x be j(6). Let b = x + 75. What are the prime factors of b?
2, 5
Let h(r) = 4*r + 1. Let f be h(-1). Let k = -8 + 14. Let w = k + f. What are the prime factors of w?
3
Let c be (-3)/6*0 - -6. Let h(k) = 5*k + 1. Let f be h(c). Let a = f + -19. List the prime factors of a.
2, 3
Let g = 2 + 18. List the prime factors of (-3 + g/6)*45.
3, 5
List the prime factors of -3 - -3 - (-1 + -54) - -3.
2, 29
Let l(z) = -3*z**2 - 4*z + 6. Let o(c) = -2*c**2 - 4*c + 5. Let d(m) = -3*l(m) + 4*o(m). What are the prime factors of d(6)?
2, 7
Let u be (1 - 2)*(-1 + 50). Let x = 29 + u. Let q = 33 + x. List the prime factors of q.
13
Suppose -t + 5*q = 2*t - 51, 0 = t - 4*q - 10. Let l = t - 3. What are the prime factors of l?
19
Let l = -3 - -4. Let r = 2 + l. Suppose -4*u + r*u = -5. What are the prime factors of u?
5
Let i(v) = -3*v - 7. List the prime factors of i(-4).
5
Let o = 20 + -20. Suppose o = 2*k + 12 - 18. What are the prime factors of k?
3
What are the prime factors of (-5)/(-1)*(-2 - -3)?
5
Let p = 6 - 13. Let k(z) = z**2 + 0*z**2 - 9 + 6*z - z. List the prime factors of k(p).
5
Suppose 0 = 2*y - 42 - 18. Suppose 2*v = 4*h - 22, 0 = -h + 4*h - 2*v - 17. Suppose h*c = -4*t + y, -t + 3*c = -4*t + 24. What are the prime factors of t?
2, 5
Let c = -4 + 3. What are the prime factors of c/(-1*(-1)/(-3))?
3
Suppose 5*l - 102 = 33. Let p = -7 + 11. Suppose l = p*y - y. List the prime factors of y.
3
Suppose 0 = -0*o + 4*o. Suppose o = -0*y - y + 3. Suppose -m = -2*u + 19 + 19, u = y*m + 14. What are the prime factors of u?
2, 5
Let p(b) = -b**3 - 2*b**2 - b - 1. Let m be p(-2). Let q be 5/(m + (-1)/2). Suppose l = -l + q. What are the prime factors of l?
5
Let u = -6 + 6. Suppose u = -2*s - 13 + 59. List the prime factors of s.
23
Let b(d) = -d**2 + 7*d - 5. Let x(y) = y. Let f = 4 - 0. Let h be x(f). List the prime factors of b(h).
7
Let d(u) be the third derivative of u**5/5 + u**4/12 + u**3/6 + 2*u**2. What are the prime factors of d(-1)?
11
Suppose 5*q + 30 = -0*q. Let v = -3 - q. List the prime factors of v.
3
Let u be (-36)/(-5)*(-45)/(-6). Suppose 0 = -2*i + 3*w + 13, 4*i = -w - 7 + u. List the prime factors of i.
11
Let h(r) = r**3 - 4*r**2 - r - 4. List the prime factors of h(6).
2, 31
Let i(g) = 30*g + 11. List the prime factors of i(3).
101
List the prime factors of (3334/10 - -2) + (-9)/(-15).
2, 3, 7
Suppose 35 = -a - 4*a. Let h = -1 - a. Suppose -3*m + h = -4*s + 3, -3*m + 5*s = 0. List the prime factors of m.
5
Suppose -a = -4, -2*f + 3*a + 633 = 3*f. List the prime factors of f.
3, 43
Suppose 0 = 2*q - 7*q + 15. What are the prime factors of q - -34*3/6?
2, 5
Let c be 0 + -1 - (-10 + 1). Let j(b) = -b**2 + 7*b + 6. Let i(l) = -l**2 + 7*l + 7. Let h(r) = 4*i(r) - 3*j(r). What are the prime factors of h(c)?
2
Let y = -29 - -20. Let v be -12*-3*3/y. List the prime factors of 98/8 + 3/v.
2, 3
Suppose 5*d + 0*d = -45. Let b = d - -5. Let x = 7 - b. What are the prime factors of x?
11
Let o(a) = -a**3 + 13 - 4*a**2 + 2*a**3 + 0*a - 6*a - 6. Let n be o(5). Suppose -3*v + n = -2*v. List the prime factors of v.
2
Let t(r) = -r + 3. Let h be 1*(1 - (-1 + 2)). Let p be t(h). Suppose -p*z + 55 = 2*z. What are the prime factors of z?
11
Let u = -237 + 160. Let s be (-1 + -1)*u/14. Let d = s - 8. List the prime factors of d.
3
Suppose o - 30 = 10. Suppose -4*y + o = y. What are the prime factors of y?
2
Let y(k) = -28*k + 2. Let x be (4/(-12))/(2/6). List the prime factors of y(x).
2, 3, 5
Let m(a) = a**2. List the prime factors of m(-5).
5
Let t = 6 - -5. Let v = 0 + t. List the prime factors of v.
11
Suppose -5*a - 10 = -5*g, 6 = -g + 4*a - 1. Suppose 2*z - z - 6 = 0. Suppose -g*u = -z*u + 5. List the prime factors of u.
5
Suppose -123 = -3*x - 3*p, x - 2*p - p = 29. Let g = x + -14. List the prime factors of g.
2, 3
Let q = 35 - 15. What are the prime factors of q?
2, 5
Let y be (-1)/3 - 11/3. Let x(u) = 7*u**2 + 7*u + 6. Let k(o) = -4*o**2 - 3*o - 3. Let h(a) = -5*k(a) - 3*x(a). What are the prime factors of h(y)?
5
Let l(g) = 4*g - 4. Let h be l(-3). Let y be h/(-9) - (-8)/36. Suppose y*n = -n + 33. List the prime factors of n.
11
Let n be (-172)/12*(0 - 3). Let x = 36 - 36. Suppose x = 5*w - p - 50, 4*p + p + n = 2*w. What are the prime factors of w?
3
Let g be -30*((-17)/(-5) - 3). List the prime factors of 6/g*(-13 - 1).
7
Suppose 0 = 2*h - 4*v - 102, -4*v + 75 = 2*h + v. List the prime factors of h.
3, 5
Let a be 1 - 46/2*-2. Suppose 2*n - 4*f = 38, 3*f + f + a = 3*n. What are the prime factors of n?
3
Let j(k) be the third derivative of -k**5/60 + k**4/4 + 5*k**3/6 + 2*k**2. What are the prime factors of j(6)?
5
List the prime factors of (-4941)/(-21) + 2*1/(-7).
5, 47
Let y(u) = 11*u - 27. What are the prime factors of y(13)?
2, 29
Let l(n) = 3*n**3 - 4*n**2 - n. What are the prime factors of l(3)?
2, 3, 7
Suppose -3*q - q + 116 = 0. What are the prime factors of q?
29
Suppose 0 = -5*c + o - 6*o + 100, -c + 35 = 4*o. Suppose -78 = -5*g + 47. Let l = g - c. What are the prime factors of l?
2, 5
Suppose -5*p + 741 = 2*m, -5*m - 3*p - 252 + 2133 = 0. List the prime factors of m.
2, 3, 7
Let h = -10 + 3. Let q = h + 11. List the prime factors of q.
2
What are the prime factors of 82 - -3*(-4)/(-6)?
2, 3, 7
Suppose g + 4 = 8. Suppose v = g*v - 18. What are the prime factors of v?
2, 3
List the prime factors of 4*6 + (5 - 3).
2, 13
Suppose 4*d - 2*d - 4*w + 20 = 0, 4*d - 4*w + 32 = 0. What are the prime factors of ((-15)/(-10))/(d/(-152))?
2, 19
Let t = -4 + 7. Let a be (t - 0)/3 + -5. What are the prime factors of 0/a + 2*1?
2
Let x be 2/(-1) - -1 - 13. Let n be (-4)/14 - 354/x. Suppose -3*c = 4*b - 0*c - 34, 5*b - n = 5*c. List the prime factors of b.
7
Suppose -5*m - 5*g - 9 = 26, -5*m - 3 = -3*g. Let y(b) = 7. Let l(p) = p - 8. Let j(t) = -4*l(t) - 5*y(t). List the prime factors of j(m).
3
Let k = 10 - 2. Let a(z) = z**2 - 6*z - 2. Let w be a(10). List the prime factors of w/k - (-2)/8.
5
Let p = -35 - -25. List the prime factors of (-52)/10*p/2.
2, 13
Let o(b) = -b**2 + 15*b - 12. Suppose -2*x + 48 = 4*z, 81 - 21 = 5*z + 3*x. What are the prime factors of o(z)?
2, 3
Let o be (-650)/(-8) + (-6)/24. Suppose -3*d + o = -3*w, -103 = -4*d + 3*w - 4*w. Suppose 5*n + d = 76. What are the prime factors of n?
2, 5
Suppose 0*m + 207 = 5*o - m, 3*o = -4*m + 138. Suppose o = 2*k + 4*z, -3*k + 4*z + 7 + 16 = 0. Suppose 2*p = p + k. What are the prime factors of p?
13
Suppose 0 = -2*z + 3*k - 106, 2*k - 304 + 76 = 4*z. Let f = z + 101. List the prime factors of f.
2, 3, 7
Suppose 4*h + 448 = 12*h. What are the prime factors of h?
2, 7
Let b = 63 + -108. Let l = b + 97. List the prime factors of l.
2, 13
Let x(o) = -26*o**3 + 8*o + 9. What are the prime factors of x(-2)?
3, 67
Suppose 4*t = -16, 4*w + 125 + 123 = -5*t. Let z = -24 - w. What are the 